{"id":177,"date":"2017-10-26T02:48:47","date_gmt":"2017-10-26T00:48:47","guid":{"rendered":"https:\/\/www.fv-gewi.at\/gezeit\/?page_id=177"},"modified":"2017-10-27T00:00:07","modified_gmt":"2017-10-26T22:00:07","slug":"ausgabe-2014","status":"publish","type":"page","link":"https:\/\/gewi.bagru.at\/gezeit\/ausgabe-2014\/","title":{"rendered":"2014: 650 Jahre Uni Wien"},"content":{"rendered":"<h2>Inhaltsverzeichnis:<\/h2>\n<ul>\n<li><a title=\"Editorial\" href=\"\/gezeit\/archiv\/2014\/editorial-2\/\">Editorial<\/a><\/li>\n<li><a title=\"649 Jahre und doch nichts gelernt?\" href=\"\/gezeit\/archiv\/2014\/649-jahre-und-doch-nichts-gelernt\/\">649 Jahre und doch nichts gelernt?<\/a><\/li>\n<li><a title=\"\u201eWie in Hogwarts.\u201c\" href=\"\/gezeit\/archiv\/2014\/wie-in-hogwarts\/\">\u201eWie in Hogwarts.\u201c<\/a><\/li>\n<li><a title=\"Besserwisserin?\" href=\"\/gezeit\/archiv\/2014\/besserwisserin\/\">Besserwisserin?<\/a><\/li>\n<li><a title=\"\u201eDer g\u00f6ttliche Trick\u201c\" href=\"\/gezeit\/archiv\/2014\/der-goettliche-trick\/\">\u201eDer g\u00f6ttliche Trick\u201c<\/a><\/li>\n<li><a title=\"Kastalia tr\u00e4umt\" href=\"\/gezeit\/archiv\/2014\/kastalia-traeumt\/\">Kastalia tr\u00e4umt<\/a><\/li>\n<li><a title=\"Weil Schweigen nichts hilft\" href=\"\/gezeit\/archiv\/2014\/weil-schweigen-nichts-hilft\/\">Weil Schweigen nichts hilft<\/a><\/li>\n<li><a title=\"\u00dcber eine Tafel: Iwan Franko, die Universit\u00e4t Wien und eine verpasste Debatte\" href=\"\/gezeit\/archiv\/2014\/ueber-eine-tafel-iwan-franko-die-universitaet-wien-und-eine-verpasste-debatte\/\">\u00dcber eine Tafel: Iwan Franko, die Universit\u00e4t Wien und eine verpasste Debatte<\/a><\/li>\n<li><a title=\"Besserwissen. Ja bitte, fangen wir an!\" href=\"\/gezeit\/archiv\/2014\/besserwissen-ja-bitte-fangen-wir-an\/\">Besserwissen. Ja bitte, fangen wir an!<\/a><\/li>\n<\/ul>\n<p><a href=\"\/gezeit\/wp-content\/uploads\/sites\/2\/2017\/10\/gezeit_2014_a4.pdf\">Download (PDF)<\/a><\/p>\n","protected":false},"excerpt":{"rendered":"<p>Inhaltsverzeichnis: Editorial 649 Jahre und doch nichts gelernt? \u201eWie in Hogwarts.\u201c Besserwisserin? \u201eDer g\u00f6ttliche Trick\u201c Kastalia tr\u00e4umt Weil Schweigen nichts hilft \u00dcber eine Tafel: Iwan Franko, die Universit\u00e4t Wien und eine verpasste Debatte Besserwissen. Ja bitte, fangen wir an! Download&hellip; <a href=\"https:\/\/gewi.bagru.at\/gezeit\/ausgabe-2014\/\" class=\"more-link\">Weiterlesen <span class=\"meta-nav\">&rarr;<\/span><\/a><\/p>\n","protected":false},"author":2,"featured_media":0,"parent":0,"menu_order":0,"comment_status":"closed","ping_status":"closed","template":"","meta":{"inline_featured_image":false,"footnotes":""},"coauthors":[30],"class_list":["post-177","page","type-page","status-publish","hentry"],"_links":{"self":[{"href":"https:\/\/gewi.bagru.at\/gezeit\/wp-json\/wp\/v2\/pages\/177","targetHints":{"allow":["GET"]}}],"collection":[{"href":"https:\/\/gewi.bagru.at\/gezeit\/wp-json\/wp\/v2\/pages"}],"about":[{"href":"https:\/\/gewi.bagru.at\/gezeit\/wp-json\/wp\/v2\/types\/page"}],"author":[{"embeddable":true,"href":"https:\/\/gewi.bagru.at\/gezeit\/wp-json\/wp\/v2\/users\/2"}],"replies":[{"embeddable":true,"href":"https:\/\/gewi.bagru.at\/gezeit\/wp-json\/wp\/v2\/comments?post=177"}],"version-history":[{"count":8,"href":"https:\/\/gewi.bagru.at\/gezeit\/wp-json\/wp\/v2\/pages\/177\/revisions"}],"predecessor-version":[{"id":264,"href":"https:\/\/gewi.bagru.at\/gezeit\/wp-json\/wp\/v2\/pages\/177\/revisions\/264"}],"wp:attachment":[{"href":"https:\/\/gewi.bagru.at\/gezeit\/wp-json\/wp\/v2\/media?parent=177"}],"wp:term":[{"taxonomy":"author","embeddable":true,"href":"https:\/\/gewi.bagru.at\/gezeit\/wp-json\/wp\/v2\/coauthors?post=177"}],"curies":[{"name":"wp","href":"https:\/\/api.w.org\/{rel}","templated":true}]}}