{"id":616,"date":"2020-07-21T15:30:28","date_gmt":"2020-07-21T13:30:28","guid":{"rendered":"https:\/\/www.fv-gewi.at\/gezeit\/?page_id=616"},"modified":"2020-11-30T19:17:32","modified_gmt":"2020-11-30T18:17:32","slug":"ausgabe-2020","status":"publish","type":"page","link":"https:\/\/gewi.bagru.at\/gezeit\/ausgabe-2020\/","title":{"rendered":"2020: Gezeit in der Krise"},"content":{"rendered":"<h2>Inhaltsverzeichnis:<\/h2>\n<p>Die akute epidemiologische Krise als Ausnahmeerscheinung hat mittlerweile alle Gesellschaften der Welt in unterschiedlichem Ausma\u00df erreicht. Gleichzeitig befindet sich auch die Gezeit in der Krise, wie das mangelnde Editorial zeigt.<br \/>\nIn dieser Ausgabe wollen wir unterschiedlichsten Artikel rund um das Thema Corona Platz bieten und pr\u00e4sentieren euch einige Artikel von Autor_innen, die zum ersten und hoffentlich nicht zum letzten Mal ver\u00f6ffentlichen. Wir werden die bereits fertigen Artikel laufend einspei\u00dfen. Stay tuned!<\/p>\n<ul>\n<li><a href=\"\/gezeit\/archiv\/2020\/virulenz-einer-tradition\/\">Virulenz einer Tradition<\/a><\/li>\n<li><a href=\"\/gezeit\/archiv\/2020\/schwangerschaftsabbruch-polen\/\">Ver\u00e4nderungen des Zugangs zu Schwanger\u00adschafts\u00adab\u00adbr\u00fcchen f\u00fcr Betroffene in Polen w\u00e4hrend der Covid-19-Pandemie<\/a><\/li>\n<li><a href=\"\/gezeit\/archiv\/2020\/in-zeiten-brennender-mobilfunk--masten\/\">In Zeiten brennender Mobilfunk-Masten<\/a><\/li>\n<li><a href=\"\/gezeit\/archiv\/2020\/schweigen-leugnen-umdeuten\/\">Schweigen, Leugnen, Umdeuten: Strategien und Ideologeme der extremen Rechten in Zeiten der Corona-Pandemie<\/a><\/li>\n<li><a href=\"\/gezeit\/archiv\/2020\/qanon-corona\/\">\u201eImmer wieder l\u00e4sst sich beobachten, wer EINER Verschw\u00f6rungsideologie folgt, tendiert auch dazu, anderen anzuh\u00e4ngen\u201c \u2013 Antisemitische Narrative von ,QAnon\u2019 bis zu den ,Hygiene\u2019-Demonstrationen<\/a><\/li>\n<li><a href=\"\/gezeit\/archiv\/2020\/verschwoerungstheoretiker_innen-coronarebellen-antisemitismus-und-ein-gynaekologe\/\">Verschw\u00f6rungstheoretiker_innen, Coronarebellen, Antisemitismus und ein Gyn\u00e4kologe<\/a><\/li>\n<li><a href=\"\/gezeit\/archiv\/2020\/kein-ende-der-geschichte-in-sicht\/\">Kein Ende der Geschichte in Sicht<\/a><\/li>\n<li><a href=\"\/gezeit\/archiv\/2020\/nicht-boes-gemeint-corona\/\">Nicht b\u00f6s gemeint \u2013 Corona und der soziale Bereich<\/a><\/li>\n<li><a href=\"\/gezeit\/archiv\/2020\/spaziergang-corona\/\">Ein Spaziergang durch die Corona-Gesellschaft oder warum wir eine befreite Gesellschaft brauchen.<\/a><\/li>\n<\/ul>\n","protected":false},"excerpt":{"rendered":"<p>Inhaltsverzeichnis: Die akute epidemiologische Krise als Ausnahmeerscheinung hat mittlerweile alle Gesellschaften der Welt in unterschiedlichem Ausma\u00df erreicht. Gleichzeitig befindet sich auch die Gezeit in der Krise, wie das mangelnde Editorial zeigt. In dieser Ausgabe wollen wir unterschiedlichsten Artikel rund um&hellip; <a href=\"https:\/\/gewi.bagru.at\/gezeit\/ausgabe-2020\/\" class=\"more-link\">Weiterlesen <span class=\"meta-nav\">&rarr;<\/span><\/a><\/p>\n","protected":false},"author":1,"featured_media":0,"parent":0,"menu_order":0,"comment_status":"closed","ping_status":"closed","template":"","meta":{"inline_featured_image":false,"footnotes":""},"coauthors":[31],"class_list":["post-616","page","type-page","status-publish","hentry"],"_links":{"self":[{"href":"https:\/\/gewi.bagru.at\/gezeit\/wp-json\/wp\/v2\/pages\/616","targetHints":{"allow":["GET"]}}],"collection":[{"href":"https:\/\/gewi.bagru.at\/gezeit\/wp-json\/wp\/v2\/pages"}],"about":[{"href":"https:\/\/gewi.bagru.at\/gezeit\/wp-json\/wp\/v2\/types\/page"}],"author":[{"embeddable":true,"href":"https:\/\/gewi.bagru.at\/gezeit\/wp-json\/wp\/v2\/users\/1"}],"replies":[{"embeddable":true,"href":"https:\/\/gewi.bagru.at\/gezeit\/wp-json\/wp\/v2\/comments?post=616"}],"version-history":[{"count":22,"href":"https:\/\/gewi.bagru.at\/gezeit\/wp-json\/wp\/v2\/pages\/616\/revisions"}],"predecessor-version":[{"id":766,"href":"https:\/\/gewi.bagru.at\/gezeit\/wp-json\/wp\/v2\/pages\/616\/revisions\/766"}],"wp:attachment":[{"href":"https:\/\/gewi.bagru.at\/gezeit\/wp-json\/wp\/v2\/media?parent=616"}],"wp:term":[{"taxonomy":"author","embeddable":true,"href":"https:\/\/gewi.bagru.at\/gezeit\/wp-json\/wp\/v2\/coauthors?post=616"}],"curies":[{"name":"wp","href":"https:\/\/api.w.org\/{rel}","templated":true}]}}

<h2>Inhaltsverzeichnis:</h2>
<p>Die akute epidemiologische Krise als Ausnahmeerscheinung hat mittlerweile alle Gesellschaften der Welt in unterschiedlichem Ausmaß erreicht. Gleichzeitig befindet sich auch die Gezeit in der Krise, wie das mangelnde Editorial zeigt.<br />
In dieser Ausgabe wollen wir unterschiedlichsten Artikel rund um das Thema Corona Platz bieten und präsentieren euch einige Artikel von Autor_innen, die zum ersten und hoffentlich nicht zum letzten Mal veröffentlichen. Wir werden die bereits fertigen Artikel laufend einspeißen. Stay tuned!</p>
<ul>
<li><a href="/gezeit/archiv/2020/virulenz-einer-tradition/">Virulenz einer Tradition</a></li>
<li><a href="/gezeit/archiv/2020/schwangerschaftsabbruch-polen/">Veränderungen des Zugangs zu Schwanger­schafts­ab­brüchen für Betroffene in Polen während der Covid-19-Pandemie</a></li>
<li><a href="/gezeit/archiv/2020/in-zeiten-brennender-mobilfunk--masten/">In Zeiten brennender Mobilfunk-Masten</a></li>
<li><a href="/gezeit/archiv/2020/schweigen-leugnen-umdeuten/">Schweigen, Leugnen, Umdeuten: Strategien und Ideologeme der extremen Rechten in Zeiten der Corona-Pandemie</a></li>
<li><a href="/gezeit/archiv/2020/qanon-corona/">„Immer wieder lässt sich beobachten, wer EINER Verschwörungsideologie folgt, tendiert auch dazu, anderen anzuhängen“ – Antisemitische Narrative von ,QAnon’ bis zu den ,Hygiene’-Demonstrationen</a></li>
<li><a href="/gezeit/archiv/2020/verschwoerungstheoretiker_innen-coronarebellen-antisemitismus-und-ein-gynaekologe/">Verschwörungstheoretiker_innen, Coronarebellen, Antisemitismus und ein Gynäkologe</a></li>
<li><a href="/gezeit/archiv/2020/kein-ende-der-geschichte-in-sicht/">Kein Ende der Geschichte in Sicht</a></li>
<li><a href="/gezeit/archiv/2020/nicht-boes-gemeint-corona/">Nicht bös gemeint – Corona und der soziale Bereich</a></li>
<li><a href="/gezeit/archiv/2020/spaziergang-corona/">Ein Spaziergang durch die Corona-Gesellschaft oder warum wir eine befreite Gesellschaft brauchen.</a></li>
</ul>

<p>Inhaltsverzeichnis: Die akute epidemiologische Krise als Ausnahmeerscheinung hat mittlerweile alle Gesellschaften der Welt in unterschiedlichem Ausmaß erreicht. Gleichzeitig befindet sich auch die Gezeit in der Krise, wie das mangelnde Editorial zeigt. In dieser Ausgabe wollen wir unterschiedlichsten Artikel rund um&hellip; <a href="https://gewi.bagru.at/gezeit/ausgabe-2020/" class="more-link">Weiterlesen <span class="meta-nav">&rarr;</span></a></p>
